ainder when 3226 is divided by i?
186
Let q be (-491 + -23)*6/(-4). Let c = q + -593. Calculate the remainder when c is divided by 9.
7
Suppose -565*v = -560*v - 1515. Suppose -1078 = -5*u - v. Calculate the remainder when u is divided by 53.
49
Let u = -31 - -34. Suppose -u*m = -5*m + 112. Suppose 0 = 5*d + 2*c - 149, -m = -2*d + c - 0. Calculate the remainder when 114 is divided by d.
27
Let i = 6120 + -6089. Calculate the remainder when 1265 is divided by i.
25
Let o(h) = -5 - 2*h + 7 + 3*h. Let g be o(1). Suppose -368 = -g*f + 2*a, 3*f + 4*a - 215 = 183. Calculate the remainder when f is divided by 32.
30
Suppose b + 2*b = 1008. Suppose -15*o + 22*o - b = 0. Calculate the remainder when o is divided by 10.
8
Let l(c) = 7*c**2 - 9*c + 12. Let f be l(2). Suppose -4*n = 2*g - f, -n + 2*g - 5*g = 2. What is the remainder when 33 is divided by n?
5
Let f(h) = -5 + 2*h - 9*h + 11 - 7*h. Let x be f(5). Calculate the remainder when 78 is divided by ((-12)/(-24))/(-2*1/x).
14
Suppose 5*r + 9 = -k + 206, -359 = -2*k - 3*r. Calculate the remainder when k is divided by 104.
68
Suppose -437*q + 55566 = -59*q. Calculate the remainder when 669 is divided by q.
81
Let k(f) = 233*f**2 - 13*f + 16. What is the remainder when k(1) is divided by 167?
69
What is the remainder when -478*((-8 - -7) + (-2 - 1)*1) is divided by 6?
4
Let f be (1 + -3)*-1 - 168/(-42). Let x(z) = -z**2 + 38. Let g be x(f). Suppose -g*k = -128 + 50. What is the remainder when k is divided by 10?
9
Suppose 12*a - 108 = 6*a. Let i(b) = 3*b - 22. Let o be i(5). Calculate the remainder when a is divided by ((-22)/4*1)/(o/14).
7
Let z(m) = -m**3 - 5*m**2 + 16*m + 8. Let i be z(-7). What is the remainder when ((-525)/10 + -1)/(3/i) is divided by (2015/(-75))/(-1) + 6/45?
26
Suppose 0 = 5*x - 5*a - 134 - 5456, -4*x + a + 4466 = 0. What is the remainder when x is divided by 229?
200
Let a be 1*((-2)/5*-5 - -217). Let q = a - 210. What is the remainder when 54 is divided by q?
0
Let p = 118 + -46. Suppose p = 6*q - 42. What is the remainder when 132 is divided by q?
18
Let v be ((-165)/20 - -2)/((-1)/4). Let x = v + -45. Let u = 61 + x. What is the remainder when u is divided by 21?
20
Suppose -4*o = -5*w - o + 72, 0 = 4*w - 5*o - 68. What is the remainder when 23*(-3)/(-2)*(-34)/((-680)/40) is divided by w?
9
Let u be 9 + -6 - (-12)/(-4). Calculate the remainder when 292 is divided by -6 + (84 - (4 - u)).
70
Let v be -98 - ((-6)/14 - (-39)/91). Let s = -65 - v. Calculate the remainder when 46 is divided by s.
13
Let k = -3229 + 3268. Calculate the remainder when 337 is divided by k.
25
Suppose 87*f = 61*f + 13598. Calculate the remainder when 4190 is divided by f.
6
Let i be (-18)/30 - -1*219/15. Let m(z) = -z**2 + 17*z - 34. Calculate the remainder when (-2)/1*(-23)/2 is divided by m(i).
7
Let s = -1521 + 1583. Calculate the remainder when 289 is divided by s.
41
Let g be -7 + (8 - 4) + 669*1. Suppose -8*b - g = -17*b. What is the remainder when b is divided by 21?
11
Let m = 11369 - 10756. What is the remainder when m is divided by 300?
13
Suppose 0 = b + 5 - 104. Suppose 4*n - 5*g = n + b, -5*g = 15. What is the remainder when (-2)/(-7) - (6088/14)/(-4) is divided by n?
25
Let w(j) = -16*j**2 - 1284*j - 7. Calculate the remainder when w(-80) is divided by 56.
33
Suppose 189*n - 188*n - 4*w - 891 = 0, -2*n + 4*w + 1810 = 0. What is the remainder when n is divided by 198?
127
Let p = 5542 - 5147. What is the remainder when p is divided by 31?
23
Suppose -186 = -6*u + 174. Let b be 8/(-14) - 16/(-28). Suppose 8*n - 14*n + u = b. What is the remainder when 18 is divided by n?
8
Let l = 458 + -256. Let b = l - 189. Calculate the remainder when 60 is divided by b.
8
Suppose -4*r - 36 = -4*g, 4*g - 7*g + 4*r + 30 = 0. Let l(n) = n**2 - 6*n - 4. What is the remainder when (4 + -30)*(-3)/g is divided by l(7)?
1
Let k = -123 - -128. Suppose k*i + 31 = m, 8 = -m - m - 4*i. Calculate the remainder when 47 is divided by m.
5
Suppose -8*h + 135 = -5*h - 3*l, -3*l = -6. Let j(a) = 4*a. What is the remainder when h is divided by j(2)?
7
Suppose -208*m + 123*m - 7825 = -110*m. What is the remainder when m is divided by 30?
13
Suppose d - 221 - 187 = 4*x, -2*d + 4*x + 808 = 0. Calculate the remainder when d is divided by 189.
22
Suppose -556 = -t - 514. What is the remainder when 126 is divided by t?
0
Let j(t) = 2*t**3 - t**2 + 5*t - 5. Let u be j(1). Calculate the remainder when -65*((-15)/25)/u is divided by 23.
16
Calculate the remainder when 664 is divided by -6*(-3 + -2)/((-60)/(-10)).
4
Let z = -41888 + 42033. What is the remainder when 3917 is divided by z?
2
Suppose -18*p + 435 + 78 = p. Calculate the remainder when 79 is divided by p.
25
Suppose -71*b + 2181 = -446. What is the remainder when 269 is divided by b?
10
Suppose v - 72 = 2*c, -v = v - c - 144. Suppose -3*p + 307 = 307. Suppose -4*m - 8*m + 180 = p. Calculate the remainder when v is divided by m.
12
Let l = -5176 + 5966. What is the remainder when l is divided by 72?
70
Let j be 14 + -20 + 5*225. Suppose -4*k = -f - j, 5*k - 14*f = -10*f + 1385. What is the remainder when k is divided by 48?
41
Let m = 4801 + -4591. Calculate the remainder when 257 is divided by m.
47
Let d(f) = f**2 - f + 91. What is the remainder when 5602 is divided by d(10)?
172
Let z(j) = -134*j + 8682. Calculate the remainder when z(59) is divided by 39.
35
Calculate the remainder when 234 is divided by ((-2345)/1005)/(14/(-1398)).
1
Suppose 3*u - 402 = 573. Suppose 10*x - u = 335. What is the remainder when x is divided by 14?
10
Let q(j) = 143*j**2 + 3*j - 1. Let l be q(-2). Suppose 3*a + 2*a = -5*o + l, -15 = 3*a. Let r = o - 8. Calculate the remainder when r is divided by 38.
34
Let p = -248474 - -248498. Calculate the remainder when (-250)/(-6) - (-2)/(-3) is divided by p.
17
Let l(i) = i**2 + 68*i - 1176. What is the remainder when 12765 is divided by l(16)?
165
Suppose -717*y = -714*y - 123. Suppose -23*d + 235 = -y. What is the remainder when 28 is divided by d?
4
Let x = -303 + 412. What is the remainder when 59 is divided by 8/12 - (-2 + x/(-3))?
20
Calculate the remainder when (34/5)/(3/(-14)*(-1106)/2370) is divided by 16.
4
Let i be (13 + -2 - 5)*(-2)/(-4). Suppose -i*z - 4*n = -186, 3*z - 3*n + 2*n - 201 = 0. Calculate the remainder when 105 is divided by ((-6)/1)/((-11)/z).
33
Suppose 0*q = 2*q - 500. Suppose -5*d - 191 + 79 = -4*y, 4*y - 4*d - 104 = 0. Calculate the remainder when q is divided by y.
16
Let n(k) = -937*k + 53422. What is the remainder when 57*2 - (-4)/2 is divided by n(57)?
12
Let b = 44042 + -43980. What is the remainder when 225 is divided by b?
39
Let a(z) = 5*z - 168. Let l be a(0). What is the remainder when 111 is divided by (l/(-18))/(64/12 + -5)?
27
Suppose -r = 12*r - 39. Suppose -2*q + 3*h + 13 = 0, 4*q = 9*q + r*h - 22. Calculate the remainder when 34 is divided by q.
4
Let u be (-19 + -205)*6/(-7). Suppose 3*t = 2*t + 4. Suppose -3*s + 120 = -3*p, -t*s - s + u = -3*p. What is the remainder when 70 is divided by s?
34
Let i(j) = 2*j**3 - 4*j**2 - 18*j + 3. Let r(a) = -a**2 - 17*a + 17. What is the remainder when i(5) is divided by r(-17)?
12
Suppose 16*i - 11328 = 11744. Suppose -28*a + i = -21*a. Calculate the remainder when a is divided by 13.
11
Suppose -29*o - 569 = 475. Let c = o - -53. Calculate the remainder when 627 is divided by c.
15
Let z = 13 + 40. Suppose 2*b = -s + 86, 23*s + 2*b = 26*s - 210. What is the remainder when s is divided by z?
21
Let c(m) = m**3 - 42*m**2 + 99*m - 376. Calculate the remainder when c(40) is divided by 121.
21
Let l be 78 + -14 + (0 - -2). Suppose 2*j = 3*r + 97, -2*j + 3*j + 2*r = l. Calculate the remainder when j is divided by 20.
16
Suppose z = -z + 22. Let f be 1/((-18)/(-4)) + (-368)/(-207). What is the remainder when (-35256)/(-884) + f/17 is divided by z?
7
Let u = -101 + 70. Let g = -7 - u. What is the remainder when 47 is divided by g?
23
Let b(d) = 668*d + 5113. What is the remainder when 1115 is divided by b(-6)?
10
Suppose 2160 = 5*w + 5*m, -w - 6*m + 424 = -3*m. Calculate the remainder when w is divided by 19.
18
Suppose -5*v - 1007 = -4*m + 45, 3*v + 4*m = -612. Let r = v - -226. What is the remainder when r is divided by 12?
6
Suppose -5*l - f + 3*f = -259, 5*f 